k) = -3178*k - 70. Determine y(0).
-70
Let z(l) = 6*l**2 - 299*l + 824. What is z(40)?
-1536
Let q(v) = 2*v**2 + 380*v + 12237. Calculate q(-41).
19
Let m(z) = -1747*z + 13737. Give m(8).
-239
Let k(n) = -201*n**2 - 3218*n - 15. Calculate k(-16).
17
Let a(g) = -1647*g - 112035. Give a(-68).
-39
Let t(i) = -179*i**2 - 1616*i - 1503. What is t(-8)?
-31
Let h(g) = -6*g**3 + 265*g**2 + 9722*g + 142. Give h(68).
6
Let z(k) = 16*k - 5181. Give z(337).
211
Let y(h) = 2*h**3 - 119*h**2 + 210*h + 47477. Calculate y(46).
5
Let w(a) = 6141*a - 117570. Determine w(19).
-891
Let n(q) = q**3 + 17*q**2 + 10*q + 2880. Calculate n(0).
2880
Let d(s) = -s**3 - 16*s**2 + 409*s - 1735. What is d(7)?
1
Let q(m) = 345*m + 13423. Give q(-39).
-32
Let x(j) = j**2 + 121*j + 3666. Determine x(-55).
36
Let l(k) = -k**2 + 378*k - 18536. What is l(323)?
-771
Let s(r) = r**3 + 2*r**2 - 40*r - 103. Give s(-6).
-7
Let d(i) = -10*i**2 - 2803*i - 69093. Give d(-253).
-24
Let k(c) = -9*c**2 - 822*c + 4621. Determine k(-97).
-326
Let b(x) = x**3 - 63*x**2 - 1192*x - 42. Give b(-15).
288
Let s(k) = -k**3 - 53*k**2 + 1121*k - 3412. Give s(13).
7
Let z(f) = f**2 + 4546*f + 339558. Determine z(-76).
-162
Let x(i) = -6*i**3 + 10*i**2 - 118*i - 129. Give x(-1).
5
Let z(j) = -184*j**3 - 8*j**2 - 615*j - 606. What is z(-1)?
185
Let n(p) = p**3 + 177*p**2 + 1212*p + 182348. Determine n(-176).
12
Let n(d) = 166*d**3 + 3322*d**2 + 118*d + 1551. What is n(-20)?
-9
Let u(y) = -5*y**3 + 220*y**2 + 5336*y - 234794. Give u(44).
-10
Let a(d) = d**3 - 85*d**2 - 578*d + 461. Give a(-7).
-1
Let p(n) = -n**3 - 230*n**2 - 814*n + 20330. Determine p(-226).
-10
Let w(a) = -a**3 - 4954*a**2 + 9906*a + 3. Give w(2).
-9
Let y(f) = -73*f - 599. Calculate y(10).
-1329
Let q(s) = 4928*s - 9860. Determine q(2).
-4
Let z(c) = 4*c**3 - 30*c**2 + 1219*c - 9872. Give z(8).
8
Let n(j) = -j**2 - 773*j + 1337801. Calculate n(833).
3
Let p(c) = -c**2 + 927*c + 266121. Give p(-230).
11
Let k(u) = -93*u**3 - 138751*u**2 + 7469*u + 13419. What is k(-1492)?
-9
Let g(m) = -2*m**3 + 443*m**2 - 1229*m - 254. Give g(3).
-8
Let l(o) = -3*o**2 + 932*o - 22964. Give l(27).
13
Let v(y) = y**3 - 33*y**2 - 5244*y - 77888. Determine v(-18).
-20
Let r(c) = -c**2 - 1141*c - 5722. Calculate r(-5).
-42
Let w(c) = 3356*c + 87124. Give w(-26).
-132
Let r(w) = -w**2 - 1373*w - 15090. Determine r(-11).
-108
Let b(d) = -11*d**3 + 208*d**2 - 65*d + 1606. Calculate b(19).
10
Let d(a) = -287*a - 8918. Give d(-31).
-21
Let g(j) = -210*j**3 + 7*j**2 - 156*j - 162. Determine g(-1).
211
Let f(b) = -20*b**2 - 320*b - 1542. What is f(-5)?
-442
Let h(t) = 3*t**3 + 2536*t**2 + 933*t + 74097. Give h(-845).
-263
Let o(g) = -25*g**3 + 275*g**2 - 159*g + 1761. What is o(11)?
12
Let l(d) = 604*d + 163699. Calculate l(-271).
15
Let j(k) = k**2 - 2080*k - 35736. What is j(-17)?
-87
Let g(m) = 1068*m - 8550. Calculate g(8).
-6
Let r(k) = 26*k - 3819. What is r(64)?
-2155
Let m(h) = -h**3 - 16*h**2 - 9354*h - 111666. Determine m(-12).
6
Let a(b) = 279420*b + 1676507. Determine a(-6).
-13
Let z(n) = -n**2 + 116*n - 432. Calculate z(4).
16
Let w(c) = -70613*c - 4872294. Give w(-69).
3
Let c(w) = w**3 - 20*w**2 - 3106*w + 72240. What is c(24)?
0
Let r(n) = 7*n**2 + 7575*n + 45195. Calculate r(-6).
-3
Let k(p) = -5*p**3 + 31*p**2 + 653*p + 63. Give k(15).
-42
Let b(d) = d**3 + 11*d**2 - 297602*d - 3571078. Give b(-12).
2
Let l(r) = 3*r**2 - 10117*r - 234279. Give l(-23).
-1
Let m(l) = -26726*l - 400863. What is m(-15)?
27
Let p(x) = x**3 - 47*x**2 + 852*x - 37071. What is p(46)?
5
Let w(i) = -i**3 + 18*i**2 + 315*i - 2126. Give w(27).
-182
Let k(w) = 21*w**2 + 20859*w + 20858. What is k(-1)?
20
Let d(v) = 34732*v + 277858. Calculate d(-8).
2
Let x(z) = z**3 + 1386*z**2 + 342610*z + 649. What is x(-322)?
5
Let w(s) = 2050*s**2 - 49275*s + 1817. What is w(24)?
17
Let u(c) = 37601*c - 376024. Determine u(10).
-14
Let d(m) = 2*m**2 - 1032*m + 5022. What is d(5)?
-88
Let j(h) = 203*h + 5171. What is j(-28)?
-513
Let p(d) = 907632*d - 4538165. What is p(5)?
-5
Let k(g) = 501*g + 2385. Calculate k(-5).
-120
Let k(y) = -45*y**2 - 1797*y + 3590. Give k(2).
-184
Let i(z) = 3*z**3 - 18*z**2 + 43*z - 14. What is i(4)?
62
Let k(m) = 48*m**2 - 1058*m - 2. What is k(0)?
-2
Let p(f) = -3*f**2 - 213*f - 3290. Determine p(-23).
22
Let x(c) = 8*c**2 + 993*c + 8366. Determine x(-9).
77
Let s(v) = -2*v**3 + 12*v**2 + 1024*v - 5169. What is s(5)?
1
Let b(h) = h**3 + 298*h**2 + 1194*h + 91205. What is b(-295)?
50
Let w(g) = g**3 + 29*g**2 - 311*g - 9052. Calculate w(-29).
-33
Let n(x) = 10*x**3 - 111*x**2 - 202*x + 2308. Determine n(11).
-35
Let z(m) = -m**3 + 12*m**2 + 14*m - 5. Calculate z(14).
-201
Let z(f) = f**3 - 218*f**2 + 480*f - 10354. Calculate z(216).
14
Let c(m) = m**3 - 933*m**2 - 1610*m - 243094. Determine c(935).
6
Let n(h) = -2*h**3 + 4*h**2 + 4051*h + 751. What is n(-44)?
619
Let g(c) = c**2 + 310*c + 8950. What is g(-32)?
54
Let v(t) = -90779*t + 635449. Give v(7).
-4
Let q(g) = 225*g**2 + 52866*g - 2172. What is q(-235)?
-57
Let p(d) = -d**3 - 7*d**2 - 969*d + 5102. Determine p(5).
-43
Let r(o) = 22*o**3 - 80*o**2 - 12*o - 71. Determine r(4).
9
Let t(s) = 2*s**3 - 754*s**2 + 1503*s - 1090. What is t(375)?
35
Let n(y) = -y**2 - 300*y - 2835. Give n(-10).
65
Let m(s) = -s**3 + 11*s**2 + 235*s + 457. Calculate m(22).
303
Let f(n) = -381*n + 80065. What is f(213)?
-1088
Let t(i) = -64*i**3 - 1471*i**2 + 49*i + 597. Give t(-23).
-1
Let z(b) = -157*b**2 + 55890*b + 822. Determine z(356).
110
Let o(q) = 26*q**2 + 7095*q - 14184. Calculate o(2).
110
Let c(m) = 2109*m - 15069. Determine c(7).
-306
Let m(o) = 220*o - 47239. Give m(211).
-819
Let t(g) = 1369*g - 193786. Calculate t(142).
612
Let m(p) = -25496*p + 5966081. Calculate m(234).
17
Let l(d) = -d - 1419. Calculate l(191).
-1610
Let f(b) = -14*b**2 + 966*b + 2890. Give f(72).
-134
Let x(y) = -8*y**3 - 127*y**2 + 13*y + 52. Give x(-15).
-1718
Let i(x) = -281*x**2 + 3355*x - 5478. Determine i(10).
-28
Let f(y) = -49*y**3 - 157*y**2 + 8*y - 19. Determine f(-5).
2141
Let l(c) = 16*c**2 - 344*c + 918. Determine l(3).
30
Let j(p) = -p**2 + 107*p + 142673. What is j(435)?
-7
Let p(g) = -3475*g - 184187. Determine p(-53).
-12
Let o(f) = -425*f - 4263. What is o(-10)?
-13
Let s(w) = w**3 - 17*w**2 + 74*w - 72. Give s(15).
588
Let d(i) = -165*i**2 - 6*i + 8. Determine d(2).
-664
Let a(m) = 3*m**2 - 184*m + 2718. Give a(24).
30
Let u(i) = 2*i**3 + 135*i**2 + 635*i - 42. Determine u(-5).
-92
Let p(i) = -10*i**3 - 527*i**2 + 185*i + 768. Calculate p(-53).
-610
Let z(x) = x**3 - 83*x**2 - 248*x + 13856. Determine z(84).
80
Let t(r) = 6033*r + 3815. Calculate t(-1).
-2218
Let b(z) = -3*z**2 + 12521*z - 274009. Determine b(22).
1
Let i(d) = -500*d + 34427. Calculate i(68).
427
Let n(u) = 14*u**2 - 783*u + 11566. Determine n(15).
2971
Let d(f) = 2*f**3 + 46*f**2 - 146*f - 1490. Give d(-25).
-340
Let b(f) = 2*f**3 - 4*f**2 + 964*f + 5959. What is b(-6)?
-401
Let o(w) = -w**3 + 116*w**2 + 429*w + 4910. Calculate o(120).
-1210
Let z(j) = -229*j - 3114. Determine z(-15).
321
Let u(q) = 14*q**3 + 132*q**2 + 66*q + 246. What is u(-9)?
138
Let u(m) = -3*m**2 + 2849*m + 1218872. Calculate u(-320).
-8
Let m(w) = -w**2 + 3761*w - 232976. What is m(63)?
-2
Let o(n) = 45*n - 4971. Calculate o(107).
-156
Let r(j) = -558*j + 138945. Calculate r(249).
3
Let n(j) = 11*j**3 - 17*j**2 + 21*j + 3. Give n(5).
1058
Let z(c) = -2*c**2 - 765*c - 67918. What is z(-242)?
84
Let h(t) = 45*t**2 + 112*t - 52. Calculate h(-5).
513
Let y(r) = r**3 - 86*r**2 - 53*r - 2810. Give y(87).
148
Let q(h) = -230*h**3 + 14*h**2 + 35*h + 20. Calculate q(-2).
1846
Let n(b) = -330*b + 224. Calculate n(3).
-766
Let k(l) = l**2 - 2336*l + 1353176. Give k(1273).
-23
Let x(f) = 2343*f + 13774. Give x(-5).
2059
Let k(f) = -5*f**3 + 1231*f**2 + 2238*f - 1667. Determine k(248).
-179
Let t(x) = 7856*x + 416679. What is t(-53)?
311
Let d(c) = -964*c + 61640. What is d(66)?
-1984
Let n(q) = q**3 + 399*q**2 - 2246*q + 74528. Determine n(-405).
8
Let t(d) = -d**3 - 207*d**2 - 82*d - 17129. Determine t(-207).
-155
Let q(u) = -3202*u**2 - 35230*u - 92. Give q(-11).
-4
Let c(h) = 1041*h - 12337. Calculate c(12).
155
Let i(s) = -s**2 + 22*s + 41. Calculate i(-28).
-1359
Let d(x) = -319*x + 